{"id":1230,"date":"2024-10-25T14:26:52","date_gmt":"2024-10-25T12:26:52","guid":{"rendered":"https:\/\/otopo.org\/?page_id=1230"},"modified":"2025-03-20T09:57:38","modified_gmt":"2025-03-20T08:57:38","slug":"actualites","status":"publish","type":"page","link":"https:\/\/otopo.org\/index.php\/actualites\/","title":{"rendered":"Actualit\u00e9s"},"content":{"rendered":"\n<div class=\"wp-block-query is-layout-flow wp-block-query-is-layout-flow\"><ul class=\"wp-block-post-template is-layout-flow wp-block-post-template-is-layout-flow\"><li class=\"wp-block-post post-1416 post type-post status-publish format-standard hentry category-non-classe\">\n\n<div class=\"wp-block-group is-layout-flow wp-block-group-is-layout-flow\" style=\"padding-top:30px;padding-right:30px;padding-bottom:30px;padding-left:30px\"><h2 style=\"border-radius:30px; padding-top:0.8rem;padding-bottom:0.8rem;padding-left:46px;padding-right:46px;margin-top:0;margin-bottom:0;margin-left:0;margin-right:0;\" class=\"has-link-color wp-elements-1aab99095a54d57c14a7a29aa79e110b wp-block-post-title has-text-color has-raft-fg-alt-color has-background has-raft-accent-background-color\"><a href=\"https:\/\/otopo.org\/index.php\/2025\/02\/19\/residence-territoriale-suite-et-fin-jour-6-et-7\/\" target=\"_self\" >R\u00e9sidence territoriale suite et fin, jour 6 et 7<\/a><\/h2>\n\n<div class=\"has-link-color wp-elements-6e6c21bfbf74905870736ec3e8b42e31 wp-block-post-excerpt has-text-color has-raft-accent-color\"><p class=\"wp-block-post-excerpt__excerpt\">Jour 6 La veille, la musique a secou\u00e9 le g\u00eete jusqu\u2019\u00e0 tard dans la nuit. Le lever se r\u00e9v\u00e8le difficile pour une partie du groupe. Une fois th\u00e9s et caf\u00e9s aval\u00e9s, les crayons s\u2019activent, les souris dansent et les cerveaux chauffent. La pr\u00e9sentation de vendredi soir se rapproche, tout le monde s\u2019active pour la r\u00e9alisation\u2026 <\/p><\/div>\n\n<div class=\"wp-block-post-date\"><time datetime=\"2025-02-19T16:05:24+01:00\">19 f\u00e9vrier 2025<\/time><\/div><\/div>\n\n<\/li><li class=\"wp-block-post post-1402 post type-post status-publish format-standard hentry category-non-classe\">\n\n<div class=\"wp-block-group is-layout-flow wp-block-group-is-layout-flow\" style=\"padding-top:30px;padding-right:30px;padding-bottom:30px;padding-left:30px\"><h2 style=\"border-radius:30px; padding-top:0.8rem;padding-bottom:0.8rem;padding-left:46px;padding-right:46px;margin-top:0;margin-bottom:0;margin-left:0;margin-right:0;\" class=\"has-link-color wp-elements-1aab99095a54d57c14a7a29aa79e110b wp-block-post-title has-text-color has-raft-fg-alt-color has-background has-raft-accent-background-color\"><a href=\"https:\/\/otopo.org\/index.php\/2025\/02\/05\/residence-territoriale-jour-4-et-5\/\" target=\"_self\" >R\u00e9sidence territoriale Jour 4 et 5<\/a><\/h2>\n\n<div class=\"has-link-color wp-elements-6e6c21bfbf74905870736ec3e8b42e31 wp-block-post-excerpt has-text-color has-raft-accent-color\"><p class=\"wp-block-post-excerpt__excerpt\">Jour 4 Le quatri\u00e8me jour commence rapidement avec un premier entretien avec la charg\u00e9e de mission du SCoT de la communaut\u00e9 de communes de l\u2019Oisans. Pendant que les uns d\u00e9couvrent plus en d\u00e9tail les enjeux du c\u00f4t\u00e9 de la vall\u00e9e de Lignarre, les autres continuent \u00e0 travailler sur le diagnostic du territoire. On continue d\u2019investir\u2026 <\/p><\/div>\n\n<div class=\"wp-block-post-date\"><time datetime=\"2025-02-05T20:05:16+01:00\">5 f\u00e9vrier 2025<\/time><\/div><\/div>\n\n<\/li><li class=\"wp-block-post post-1377 post type-post status-publish format-standard hentry category-non-classe\">\n\n<div class=\"wp-block-group is-layout-flow wp-block-group-is-layout-flow\" style=\"padding-top:30px;padding-right:30px;padding-bottom:30px;padding-left:30px\"><h2 style=\"border-radius:30px; padding-top:0.8rem;padding-bottom:0.8rem;padding-left:46px;padding-right:46px;margin-top:0;margin-bottom:0;margin-left:0;margin-right:0;\" class=\"has-link-color wp-elements-1aab99095a54d57c14a7a29aa79e110b wp-block-post-title has-text-color has-raft-fg-alt-color has-background has-raft-accent-background-color\"><a href=\"https:\/\/otopo.org\/index.php\/2025\/02\/03\/residence-territoriale-jour-1-2-et-3\/\" target=\"_self\" >R\u00e9sidence territoriale Jour 1, 2 et 3<\/a><\/h2>\n\n<div class=\"has-link-color wp-elements-6e6c21bfbf74905870736ec3e8b42e31 wp-block-post-excerpt has-text-color has-raft-accent-color\"><p class=\"wp-block-post-excerpt__excerpt\">F\u00e9vrier 2025 Cette semaine, otopo s\u2019immerge entre les vall\u00e9es de Lignarre et de la Malsanne, sur les pentes du col d\u2019Ornon (en Is\u00e8re). Nous partons \u00e0 la d\u00e9couverte de ce territoire de montagne \u00e0 cheval entre la Matheysine (un plateau montagneux aux alentours de Grenoble) et le massif de l\u2019Oisans, c\u00e9l\u00e8bre pour ses grandes stations\u2026 <\/p><\/div>\n\n<div class=\"wp-block-post-date\"><time datetime=\"2025-02-03T19:31:13+01:00\">3 f\u00e9vrier 2025<\/time><\/div><\/div>\n\n<\/li><li class=\"wp-block-post post-1270 post type-post status-publish format-standard hentry category-non-classe\">\n\n<div class=\"wp-block-group is-layout-flow wp-block-group-is-layout-flow\" style=\"padding-top:30px;padding-right:30px;padding-bottom:30px;padding-left:30px\"><h2 style=\"border-radius:30px; padding-top:0.8rem;padding-bottom:0.8rem;padding-left:46px;padding-right:46px;margin-top:0;margin-bottom:0;margin-left:0;margin-right:0;\" class=\"has-link-color wp-elements-1aab99095a54d57c14a7a29aa79e110b wp-block-post-title has-text-color has-raft-fg-alt-color has-background has-raft-accent-background-color\"><a href=\"https:\/\/otopo.org\/index.php\/2024\/12\/20\/le-topo-ou-les-premieres-pierres-du-projet-editorial-dotopo\/\" target=\"_self\" >Le Topo ou les premi\u00e8res pierres du projet \u00e9ditorial d&rsquo;otopo<\/a><\/h2>\n\n<div class=\"has-link-color wp-elements-6e6c21bfbf74905870736ec3e8b42e31 wp-block-post-excerpt has-text-color has-raft-accent-color\"><p class=\"wp-block-post-excerpt__excerpt\">23 d\u00e9cembre 2024 Chez otopo nous sommes quelques-un.es \u00e0 bien aimer \u00e9crire et lire et, surtout, on est toustes convaincu.es que l\u2019\u00e9criture et autres projets \u00e9ditoriaux font partie int\u00e9grante de la fabrique des territoires. Comme un regard pos\u00e9 du coin de l&rsquo;\u0153il sur nos pratiques, on a eu envie d\u2019explorer la libert\u00e9 qu\u2019offre la forme\u2026 <\/p><\/div>\n\n<div class=\"wp-block-post-date\"><time datetime=\"2024-12-20T17:04:42+01:00\">20 d\u00e9cembre 2024<\/time><\/div><\/div>\n\n<\/li><li class=\"wp-block-post post-1224 post type-post status-publish format-standard hentry category-non-classe\">\n\n<div class=\"wp-block-group is-layout-flow wp-block-group-is-layout-flow\" style=\"padding-top:30px;padding-right:30px;padding-bottom:30px;padding-left:30px\"><h2 style=\"border-radius:30px; padding-top:0.8rem;padding-bottom:0.8rem;padding-left:46px;padding-right:46px;margin-top:0;margin-bottom:0;margin-left:0;margin-right:0;\" class=\"has-link-color wp-elements-1aab99095a54d57c14a7a29aa79e110b wp-block-post-title has-text-color has-raft-fg-alt-color has-background has-raft-accent-background-color\"><a href=\"https:\/\/otopo.org\/index.php\/2024\/10\/25\/bilan-dactivites-2023-2024-et-quelques-nouvelles\/\" target=\"_self\" >Bilan d&rsquo;activit\u00e9s 2023-2024 et quelques nouvelles&#8230;<\/a><\/h2>\n\n<div class=\"has-link-color wp-elements-6e6c21bfbf74905870736ec3e8b42e31 wp-block-post-excerpt has-text-color has-raft-accent-color\"><p class=\"wp-block-post-excerpt__excerpt\">25 octobre 2024 Apr\u00e8s un peu plus d&rsquo;un an d&rsquo;existence, l&rsquo;association va bien. On a perdu et accueilli quelques nouvelles t\u00eates entre temps, mais l&rsquo;\u00e9nergie et l&rsquo;envie sont toujours bien l\u00e0 ! On a eu l&rsquo;opportunit\u00e9 de se faire la main sur quelques projets : un site internet tout neuf, un concours d&rsquo;id\u00e9e sur la\u2026 <\/p><\/div>\n\n<div class=\"wp-block-post-date\"><time datetime=\"2024-10-25T14:28:59+02:00\">25 octobre 2024<\/time><\/div><\/div>\n\n<\/li><\/ul><\/div>\n","protected":false},"excerpt":{"rendered":"","protected":false},"author":1,"featured_media":0,"parent":0,"menu_order":0,"comment_status":"closed","ping_status":"closed","template":"","meta":{"ngg_post_thumbnail":0,"footnotes":""},"class_list":["post-1230","page","type-page","status-publish","hentry"],"yoast_head":"<!-- This site is optimized with the Yoast SEO plugin v21.2 - https:\/\/yoast.com\/wordpress\/plugins\/seo\/ -->\n<title>Actualit\u00e9s - otopo<\/title>\n<meta name=\"robots\" content=\"index, follow, max-snippet:-1, max-image-preview:large, max-video-preview:-1\" \/>\n<link rel=\"canonical\" href=\"https:\/\/otopo.org\/index.php\/actualites\/\" \/>\n<meta property=\"og:locale\" content=\"fr_FR\" \/>\n<meta property=\"og:type\" content=\"article\" \/>\n<meta property=\"og:title\" content=\"Actualit\u00e9s - otopo\" \/>\n<meta property=\"og:url\" content=\"https:\/\/otopo.org\/index.php\/actualites\/\" \/>\n<meta property=\"og:site_name\" content=\"otopo\" \/>\n<meta property=\"article:modified_time\" content=\"2025-03-20T08:57:38+00:00\" \/>\n<meta name=\"twitter:card\" content=\"summary_large_image\" \/>\n<script type=\"application\/ld+json\" class=\"yoast-schema-graph\">{\"@context\":\"https:\/\/schema.org\",\"@graph\":[{\"@type\":\"WebPage\",\"@id\":\"https:\/\/otopo.org\/index.php\/actualites\/\",\"url\":\"https:\/\/otopo.org\/index.php\/actualites\/\",\"name\":\"Actualit\u00e9s - otopo\",\"isPartOf\":{\"@id\":\"https:\/\/otopo.org\/#website\"},\"datePublished\":\"2024-10-25T12:26:52+00:00\",\"dateModified\":\"2025-03-20T08:57:38+00:00\",\"breadcrumb\":{\"@id\":\"https:\/\/otopo.org\/index.php\/actualites\/#breadcrumb\"},\"inLanguage\":\"fr-FR\",\"potentialAction\":[{\"@type\":\"ReadAction\",\"target\":[\"https:\/\/otopo.org\/index.php\/actualites\/\"]}]},{\"@type\":\"BreadcrumbList\",\"@id\":\"https:\/\/otopo.org\/index.php\/actualites\/#breadcrumb\",\"itemListElement\":[{\"@type\":\"ListItem\",\"position\":1,\"name\":\"Accueil\",\"item\":\"https:\/\/otopo.org\/\"},{\"@type\":\"ListItem\",\"position\":2,\"name\":\"Actualit\u00e9s\"}]},{\"@type\":\"WebSite\",\"@id\":\"https:\/\/otopo.org\/#website\",\"url\":\"https:\/\/otopo.org\/\",\"name\":\"otopo\",\"description\":\"urbanisme - programmation - concertation\",\"publisher\":{\"@id\":\"https:\/\/otopo.org\/#organization\"},\"potentialAction\":[{\"@type\":\"SearchAction\",\"target\":{\"@type\":\"EntryPoint\",\"urlTemplate\":\"https:\/\/otopo.org\/?s={search_term_string}\"},\"query-input\":\"required name=search_term_string\"}],\"inLanguage\":\"fr-FR\"},{\"@type\":\"Organization\",\"@id\":\"https:\/\/otopo.org\/#organization\",\"name\":\"otopo\",\"url\":\"https:\/\/otopo.org\/\",\"logo\":{\"@type\":\"ImageObject\",\"inLanguage\":\"fr-FR\",\"@id\":\"https:\/\/otopo.org\/#\/schema\/logo\/image\/\",\"url\":\"https:\/\/otopo.org\/wp-content\/uploads\/2023\/09\/LOGO-VECTO-2-VERT-1.png\",\"contentUrl\":\"https:\/\/otopo.org\/wp-content\/uploads\/2023\/09\/LOGO-VECTO-2-VERT-1.png\",\"width\":15083,\"height\":3435,\"caption\":\"otopo\"},\"image\":{\"@id\":\"https:\/\/otopo.org\/#\/schema\/logo\/image\/\"}}]}<\/script>\n<!-- \/ Yoast SEO plugin. -->","yoast_head_json":{"title":"Actualit\u00e9s - otopo","robots":{"index":"index","follow":"follow","max-snippet":"max-snippet:-1","max-image-preview":"max-image-preview:large","max-video-preview":"max-video-preview:-1"},"canonical":"https:\/\/otopo.org\/index.php\/actualites\/","og_locale":"fr_FR","og_type":"article","og_title":"Actualit\u00e9s - otopo","og_url":"https:\/\/otopo.org\/index.php\/actualites\/","og_site_name":"otopo","article_modified_time":"2025-03-20T08:57:38+00:00","twitter_card":"summary_large_image","schema":{"@context":"https:\/\/schema.org","@graph":[{"@type":"WebPage","@id":"https:\/\/otopo.org\/index.php\/actualites\/","url":"https:\/\/otopo.org\/index.php\/actualites\/","name":"Actualit\u00e9s - otopo","isPartOf":{"@id":"https:\/\/otopo.org\/#website"},"datePublished":"2024-10-25T12:26:52+00:00","dateModified":"2025-03-20T08:57:38+00:00","breadcrumb":{"@id":"https:\/\/otopo.org\/index.php\/actualites\/#breadcrumb"},"inLanguage":"fr-FR","potentialAction":[{"@type":"ReadAction","target":["https:\/\/otopo.org\/index.php\/actualites\/"]}]},{"@type":"BreadcrumbList","@id":"https:\/\/otopo.org\/index.php\/actualites\/#breadcrumb","itemListElement":[{"@type":"ListItem","position":1,"name":"Accueil","item":"https:\/\/otopo.org\/"},{"@type":"ListItem","position":2,"name":"Actualit\u00e9s"}]},{"@type":"WebSite","@id":"https:\/\/otopo.org\/#website","url":"https:\/\/otopo.org\/","name":"otopo","description":"urbanisme - programmation - concertation","publisher":{"@id":"https:\/\/otopo.org\/#organization"},"potentialAction":[{"@type":"SearchAction","target":{"@type":"EntryPoint","urlTemplate":"https:\/\/otopo.org\/?s={search_term_string}"},"query-input":"required name=search_term_string"}],"inLanguage":"fr-FR"},{"@type":"Organization","@id":"https:\/\/otopo.org\/#organization","name":"otopo","url":"https:\/\/otopo.org\/","logo":{"@type":"ImageObject","inLanguage":"fr-FR","@id":"https:\/\/otopo.org\/#\/schema\/logo\/image\/","url":"https:\/\/otopo.org\/wp-content\/uploads\/2023\/09\/LOGO-VECTO-2-VERT-1.png","contentUrl":"https:\/\/otopo.org\/wp-content\/uploads\/2023\/09\/LOGO-VECTO-2-VERT-1.png","width":15083,"height":3435,"caption":"otopo"},"image":{"@id":"https:\/\/otopo.org\/#\/schema\/logo\/image\/"}}]}},"_links":{"self":[{"href":"https:\/\/otopo.org\/index.php\/wp-json\/wp\/v2\/pages\/1230","targetHints":{"allow":["GET"]}}],"collection":[{"href":"https:\/\/otopo.org\/index.php\/wp-json\/wp\/v2\/pages"}],"about":[{"href":"https:\/\/otopo.org\/index.php\/wp-json\/wp\/v2\/types\/page"}],"author":[{"embeddable":true,"href":"https:\/\/otopo.org\/index.php\/wp-json\/wp\/v2\/users\/1"}],"replies":[{"embeddable":true,"href":"https:\/\/otopo.org\/index.php\/wp-json\/wp\/v2\/comments?post=1230"}],"version-history":[{"count":11,"href":"https:\/\/otopo.org\/index.php\/wp-json\/wp\/v2\/pages\/1230\/revisions"}],"predecessor-version":[{"id":1582,"href":"https:\/\/otopo.org\/index.php\/wp-json\/wp\/v2\/pages\/1230\/revisions\/1582"}],"wp:attachment":[{"href":"https:\/\/otopo.org\/index.php\/wp-json\/wp\/v2\/media?parent=1230"}],"curies":[{"name":"wp","href":"https:\/\/api.w.org\/{rel}","templated":true}]}}